{"id":1091,"date":"2020-04-05T22:28:22","date_gmt":"2020-04-05T22:28:22","guid":{"rendered":"http:\/\/seventy-nine.ca\/dev\/div\/?page_id=1091"},"modified":"2020-12-26T20:50:58","modified_gmt":"2020-12-26T20:50:58","slug":"contact","status":"publish","type":"page","link":"http:\/\/seventy-nine.ca\/dev\/div\/contact\/","title":{"rendered":"Contact"},"content":{"rendered":"<p>[et_pb_section fb_built=\u00a0\u00bb1&Prime; admin_label=\u00a0\u00bbM1&Prime; _builder_version=\u00a0\u00bb4.1&Prime; background_color=\u00a0\u00bb#6e00a5&Prime; custom_padding=\u00a0\u00bb0px||0px|||\u00a0\u00bb animation_direction=\u00a0\u00bbtop\u00a0\u00bb hover_transition_duration=\u00a0\u00bb0ms\u00a0\u00bb][et_pb_row _builder_version=\u00a0\u00bb4.1&Prime; width=\u00a0\u00bb100{04d7d8028c04121d3dff85f9202cd8731f15869ccd2bc4d40d4137211d625ca4}\u00a0\u00bb max_width=\u00a0\u00bb1000px\u00a0\u00bb custom_margin=\u00a0\u00bb||||false|false\u00a0\u00bb custom_padding=\u00a0\u00bb||||false|false\u00a0\u00bb hover_transition_duration=\u00a0\u00bb0ms\u00a0\u00bb][et_pb_column type=\u00a0\u00bb4_4&Prime; _builder_version=\u00a0\u00bb4.1&Prime;][et_pb_button button_text=\u00a0\u00bbInscrivez-vous d\u00e8s maintenant !\u00a0\u00bb module_class=\u00a0\u00bbbtn-j\u00a0\u00bb _builder_version=\u00a0\u00bb4.1&Prime; custom_margin=\u00a0\u00bb|0px||0px|false|false\u00a0\u00bb custom_padding=\u00a0\u00bb|30{04d7d8028c04121d3dff85f9202cd8731f15869ccd2bc4d40d4137211d625ca4}||30{04d7d8028c04121d3dff85f9202cd8731f15869ccd2bc4d40d4137211d625ca4}|false|false\u00a0\u00bb hover_transition_duration=\u00a0\u00bb0ms\u00a0\u00bb][\/et_pb_button][\/et_pb_column][\/et_pb_row][\/et_pb_section][et_pb_section fb_built=\u00a0\u00bb1&Prime; fullwidth=\u00a0\u00bbon\u00a0\u00bb admin_label=\u00a0\u00bbM2&Prime; _builder_version=\u00a0\u00bb4.1&Prime; background_color=\u00a0\u00bbrgba(0,0,0,0)\u00a0\u00bb use_background_color_gradient=\u00a0\u00bbon\u00a0\u00bb background_color_gradient_start=\u00a0\u00bb#8300e9&Prime; background_color_gradient_end=\u00a0\u00bb#6e00a5&Prime; background_color_gradient_direction=\u00a0\u00bb0deg\u00a0\u00bb custom_padding=\u00a0\u00bb||76px||false|false\u00a0\u00bb hover_transition_duration=\u00a0\u00bb0ms\u00a0\u00bb][et_pb_fullwidth_menu menu_style=\u00a0\u00bbcentered\u00a0\u00bb fullwidth_menu=\u00a0\u00bbon\u00a0\u00bb active_link_color=\u00a0\u00bb#6e00a5&Prime; logo=\u00a0\u00bbhttp:\/\/seventy-nine.ca\/dev\/div\/wp-content\/uploads\/div.svg\u00a0\u00bb _builder_version=\u00a0\u00bb4.1&Prime; menu_text_color=\u00a0\u00bb#8300e9&Prime; menu_font_size=\u00a0\u00bb20px\u00a0\u00bb background_color=\u00a0\u00bb#efefef\u00a0\u00bb max_width=\u00a0\u00bb1000px\u00a0\u00bb module_alignment=\u00a0\u00bbcenter\u00a0\u00bb animation_direction=\u00a0\u00bbtop\u00a0\u00bb hover_transition_speed_curve=\u00a0\u00bblinear\u00a0\u00bb border_radii=\u00a0\u00bboff|||50px|50px\u00a0\u00bb][\/et_pb_fullwidth_menu][\/et_pb_section][et_pb_section fb_built=\u00a0\u00bb1&Prime; admin_label=\u00a0\u00bbHeader V\u00a0\u00bb _builder_version=\u00a0\u00bb4.1&Prime; background_color=\u00a0\u00bb#8300e9&Prime; height=\u00a0\u00bb300px\u00a0\u00bb custom_margin=\u00a0\u00bb||0px||false|false\u00a0\u00bb custom_padding=\u00a0\u00bb||0px||false|false\u00a0\u00bb bottom_divider_style=\u00a0\u00bbasymmetric\u00a0\u00bb bottom_divider_color=\u00a0\u00bb#efefef\u00a0\u00bb bottom_divider_height=\u00a0\u00bb150px\u00a0\u00bb][et_pb_row _builder_version=\u00a0\u00bb4.1&Prime; width=\u00a0\u00bb70{04d7d8028c04121d3dff85f9202cd8731f15869ccd2bc4d40d4137211d625ca4}\u00a0\u00bb custom_padding=\u00a0\u00bb||0px|||\u00a0\u00bb][et_pb_column type=\u00a0\u00bb4_4&Prime; _builder_version=\u00a0\u00bb4.0.6&Prime;][et_pb_text _builder_version=\u00a0\u00bb4.4.1&Prime; text_text_color=\u00a0\u00bb#fff\u00a0\u00bb]<\/p>\n<h1>Contactez-nous!<\/h1>\n<p>[\/et_pb_text][\/et_pb_column][\/et_pb_row][\/et_pb_section][et_pb_section fb_built=\u00a0\u00bb1&Prime; _builder_version=\u00a0\u00bb4.1&Prime; background_color=\u00a0\u00bbrgba(0,0,0,0)\u00a0\u00bb background_enable_image=\u00a0\u00bboff\u00a0\u00bb background_size=\u00a0\u00bbcontain\u00a0\u00bb background_position=\u00a0\u00bbtop_center\u00a0\u00bb custom_padding=\u00a0\u00bb161px||127px||false|false\u00a0\u00bb top_divider_style=\u00a0\u00bbasymmetric\u00a0\u00bb top_divider_color=\u00a0\u00bb#efefef\u00a0\u00bb top_divider_height=\u00a0\u00bb150px\u00a0\u00bb][et_pb_row _builder_version=\u00a0\u00bb4.4.1&Prime; custom_padding=\u00a0\u00bb40px|||||\u00a0\u00bb animation_style=\u00a0\u00bbslide\u00a0\u00bb][et_pb_column type=\u00a0\u00bb4_4&Prime; _builder_version=\u00a0\u00bb4.1&Prime;][et_pb_text _builder_version=\u00a0\u00bb4.4.1&Prime; custom_margin=\u00a0\u00bb0px||-5px||false|false\u00a0\u00bb custom_padding=\u00a0\u00bb0px||0px||false|false\u00a0\u00bb scroll_horizontal_motion_enable=\u00a0\u00bbon\u00a0\u00bb scroll_horizontal_motion=\u00a0\u00bb0|0|75|100|4|0|-4&Prime; scroll_fade_enable=\u00a0\u00bbon\u00a0\u00bb scroll_fade=\u00a0\u00bb0|0|66|100|100{04d7d8028c04121d3dff85f9202cd8731f15869ccd2bc4d40d4137211d625ca4}|100|0{04d7d8028c04121d3dff85f9202cd8731f15869ccd2bc4d40d4137211d625ca4}\u00a0\u00bb scroll_blur=\u00a0\u00bb0|0|60|100|10|0|0&Prime; motion_trigger_start=\u00a0\u00bbbottom\u00a0\u00bb]<\/p>\n<h2 style=\"text-align: center;\">L&rsquo;infographie vous int\u00e9resse?<\/h2>\n<p>[\/et_pb_text][et_pb_text _builder_version=\u00a0\u00bb4.4.1&Prime; custom_margin=\u00a0\u00bb0px||-5px||false|false\u00a0\u00bb custom_padding=\u00a0\u00bb0px||0px||false|false\u00a0\u00bb scroll_horizontal_motion_enable=\u00a0\u00bbon\u00a0\u00bb scroll_horizontal_motion=\u00a0\u00bb0|0|75|100|4|0|4&Prime; scroll_fade_enable=\u00a0\u00bbon\u00a0\u00bb scroll_fade=\u00a0\u00bb0|0|75|100|100{04d7d8028c04121d3dff85f9202cd8731f15869ccd2bc4d40d4137211d625ca4}|100|0{04d7d8028c04121d3dff85f9202cd8731f15869ccd2bc4d40d4137211d625ca4}\u00a0\u00bb motion_trigger_start=\u00a0\u00bbbottom\u00a0\u00bb]<\/p>\n<h2 style=\"text-align: center;\">mais tu as des questions?<\/h2>\n<p>[\/et_pb_text][et_pb_text _builder_version=\u00a0\u00bb4.4.1&Prime; custom_margin=\u00a0\u00bb0px||-5px||false|false\u00a0\u00bb custom_padding=\u00a0\u00bb0px||0px||false|false\u00a0\u00bb scroll_horizontal_motion_enable=\u00a0\u00bbon\u00a0\u00bb scroll_horizontal_motion=\u00a0\u00bb0|0|75|100|4|0|-4&Prime; scroll_fade_enable=\u00a0\u00bbon\u00a0\u00bb scroll_fade=\u00a0\u00bb0|0|66|100|100{04d7d8028c04121d3dff85f9202cd8731f15869ccd2bc4d40d4137211d625ca4}|100|0{04d7d8028c04121d3dff85f9202cd8731f15869ccd2bc4d40d4137211d625ca4}\u00a0\u00bb scroll_blur=\u00a0\u00bb0|0|60|100|10|0|0&Prime; motion_trigger_start=\u00a0\u00bbbottom\u00a0\u00bb]<\/p>\n<h2>sur les cours et les pr\u00e9alable&#8230;<\/h2>\n<p>[\/et_pb_text][et_pb_text _builder_version=\u00a0\u00bb4.4.1&Prime; custom_margin=\u00a0\u00bb0px||-5px||false|false\u00a0\u00bb custom_padding=\u00a0\u00bb0px||0px||false|false\u00a0\u00bb scroll_horizontal_motion_enable=\u00a0\u00bbon\u00a0\u00bb scroll_horizontal_motion=\u00a0\u00bb0|0|75|100|4|0|4&Prime; scroll_fade_enable=\u00a0\u00bbon\u00a0\u00bb scroll_fade=\u00a0\u00bb0|0|75|100|100{04d7d8028c04121d3dff85f9202cd8731f15869ccd2bc4d40d4137211d625ca4}|100|0{04d7d8028c04121d3dff85f9202cd8731f15869ccd2bc4d40d4137211d625ca4}\u00a0\u00bb motion_trigger_start=\u00a0\u00bbbottom\u00a0\u00bb]<\/p>\n<h2 style=\"text-align: center;\">sur le syst\u00e8me d&rsquo;apprentissage&#8230;<\/h2>\n<p>[\/et_pb_text][et_pb_text _builder_version=\u00a0\u00bb4.4.1&Prime; custom_margin=\u00a0\u00bb0px||-5px||false|false\u00a0\u00bb custom_padding=\u00a0\u00bb0px||0px||false|false\u00a0\u00bb scroll_horizontal_motion_enable=\u00a0\u00bbon\u00a0\u00bb scroll_horizontal_motion=\u00a0\u00bb0|0|75|100|4|0|-4&Prime; scroll_fade_enable=\u00a0\u00bbon\u00a0\u00bb scroll_fade=\u00a0\u00bb0|0|66|100|100{04d7d8028c04121d3dff85f9202cd8731f15869ccd2bc4d40d4137211d625ca4}|100|0{04d7d8028c04121d3dff85f9202cd8731f15869ccd2bc4d40d4137211d625ca4}\u00a0\u00bb scroll_blur=\u00a0\u00bb0|0|60|100|10|0|0&Prime; motion_trigger_start=\u00a0\u00bbbottom\u00a0\u00bb]<\/p>\n<h2 style=\"text-align: center;\">sur le m\u00e9tier et ses d\u00e9bouch\u00e9s&#8230;<\/h2>\n<p>[\/et_pb_text][\/et_pb_column][\/et_pb_row][\/et_pb_section][et_pb_section fb_built=\u00a0\u00bb1&Prime; admin_label=\u00a0\u00bbwinners\u00a0\u00bb _builder_version=\u00a0\u00bb4.4.1&Prime; use_background_color_gradient=\u00a0\u00bbon\u00a0\u00bb background_color_gradient_start=\u00a0\u00bb#efefef\u00a0\u00bb background_color_gradient_end=\u00a0\u00bb#ffffff\u00a0\u00bb background_color_gradient_direction=\u00a0\u00bb328deg\u00a0\u00bb background_color_gradient_start_position=\u00a0\u00bb60{04d7d8028c04121d3dff85f9202cd8731f15869ccd2bc4d40d4137211d625ca4}\u00a0\u00bb background_color_gradient_end_position=\u00a0\u00bb49{04d7d8028c04121d3dff85f9202cd8731f15869ccd2bc4d40d4137211d625ca4}\u00a0\u00bb custom_padding=\u00a0\u00bb137px||148px|||\u00a0\u00bb][et_pb_row admin_label=\u00a0\u00bbRow\u00a0\u00bb _builder_version=\u00a0\u00bb4.4.1&Prime;][et_pb_column type=\u00a0\u00bb4_4&Prime; _builder_version=\u00a0\u00bb4.4.1&Prime;][et_pb_text module_class=\u00a0\u00bbta-c\u00a0\u00bb _builder_version=\u00a0\u00bb4.4.1&Prime; custom_padding=\u00a0\u00bb||7px|||\u00a0\u00bb]<\/p>\n<h3>Les r\u00e9ponses \u00e0 toutes tes questions<\/h3>\n<h3>sont juste ici&#8230;<\/h3>\n<p>[\/et_pb_text][et_pb_text _builder_version=\u00a0\u00bb4.4.1&Prime; custom_padding=\u00a0\u00bb|10{04d7d8028c04121d3dff85f9202cd8731f15869ccd2bc4d40d4137211d625ca4}||10{04d7d8028c04121d3dff85f9202cd8731f15869ccd2bc4d40d4137211d625ca4}|false|true\u00a0\u00bb]<\/p>\n<p style=\"text-align: center;\">Tu veux t&rsquo;inscrire mais tu as des questions sur le programme d&rsquo;infographie? Tu aimerais savoir quels sont les pr\u00e9alable? Tu veux connaitre les horraire? Tu veux savoir comment t&rsquo;inscrire? Envois-nous toutes tes questions par le le formulaire ci-dessous et un membre de notre \u00e9quipe te contactera aussit\u00f4t que possible.<\/p>\n<p>[\/et_pb_text][et_pb_text _builder_version=\u00a0\u00bb4.4.1&Prime; background_enable_color=\u00a0\u00bboff\u00a0\u00bb use_background_color_gradient=\u00a0\u00bbon\u00a0\u00bb background_color_gradient_start=\u00a0\u00bb#8300e9&Prime; background_color_gradient_end=\u00a0\u00bb#6e00a5&Prime; background_color_gradient_direction=\u00a0\u00bb111deg\u00a0\u00bb custom_padding=\u00a0\u00bb20px|20px|20px|20px|true|true\u00a0\u00bb]<\/p>\n<p style=\"text-align: center;\">\n<div class=\"wpcf7 no-js\" id=\"wpcf7-f1098-o1\" lang=\"fr-CA\" dir=\"ltr\">\n<div class=\"screen-reader-response\"><p role=\"status\" aria-live=\"polite\" aria-atomic=\"true\"><\/p> <ul><\/ul><\/div>\n<form action=\"\/dev\/div\/wp-json\/wp\/v2\/pages\/1091#wpcf7-f1098-o1\" method=\"post\" class=\"wpcf7-form init\" aria-label=\"Contact form\" novalidate=\"novalidate\" data-status=\"init\">\n<div style=\"display: none;\">\n<input type=\"hidden\" name=\"_wpcf7\" value=\"1098\" \/>\n<input type=\"hidden\" name=\"_wpcf7_version\" value=\"5.9.5\" \/>\n<input type=\"hidden\" name=\"_wpcf7_locale\" value=\"fr_CA\" \/>\n<input type=\"hidden\" name=\"_wpcf7_unit_tag\" value=\"wpcf7-f1098-o1\" \/>\n<input type=\"hidden\" name=\"_wpcf7_container_post\" value=\"0\" \/>\n<input type=\"hidden\" name=\"_wpcf7_posted_data_hash\" value=\"\" \/>\n<\/div>\n<div class=\"et_pb_contact\">\n\t<p><label>Ton nom<br \/>\n<span class=\"wpcf7-form-control-wrap\" data-name=\"your-name\"><input size=\"100\" class=\"wpcf7-form-control wpcf7-text wpcf7-validates-as-required\" aria-required=\"true\" aria-invalid=\"false\" value=\"\" type=\"text\" name=\"your-name\" \/><\/span> <\/label>\n\t<\/p>\n\t<p><label>Ton courriel<br \/>\n<span class=\"wpcf7-form-control-wrap\" data-name=\"your-email\"><input size=\"100\" class=\"wpcf7-form-control wpcf7-email wpcf7-validates-as-required wpcf7-text wpcf7-validates-as-email\" aria-required=\"true\" aria-invalid=\"false\" value=\"\" type=\"email\" name=\"your-email\" \/><\/span> <\/label>\n\t<\/p>\n\t<p><label>Le sujet<br \/>\n<span class=\"wpcf7-form-control-wrap\" data-name=\"your-subject\"><input size=\"100\" class=\"wpcf7-form-control wpcf7-text\" aria-invalid=\"false\" value=\"\" type=\"text\" name=\"your-subject\" \/><\/span> <\/label>\n\t<\/p>\n\t<p><label>Le message<br \/>\n<span class=\"wpcf7-form-control-wrap\" data-name=\"your-message\"><textarea cols=\"100\" rows=\"10\" class=\"wpcf7-form-control wpcf7-textarea wpcf7-validates-as-required\" aria-required=\"true\" aria-invalid=\"false\" name=\"your-message\"><\/textarea><\/span> <\/label>\n\t<\/p>\n\t<p><input class=\"wpcf7-form-control wpcf7-submit has-spinner\" type=\"submit\" value=\"Envoyer\" \/>\n\t<\/p>\n<\/div><div class=\"wpcf7-response-output\" aria-hidden=\"true\"><\/div>\n<\/form>\n<\/div>\n<\/p>\n<p>[\/et_pb_text][\/et_pb_column][\/et_pb_row][et_pb_row _builder_version=\u00a0\u00bb4.4.1&Prime;][et_pb_column type=\u00a0\u00bb4_4&Prime; _builder_version=\u00a0\u00bb4.4.1&Prime;][\/et_pb_column][\/et_pb_row][\/et_pb_section][et_pb_section fb_built=\u00a0\u00bb1&Prime; _builder_version=\u00a0\u00bb4.4.1&Prime; custom_padding=\u00a0\u00bb124px||100px|||\u00a0\u00bb animation_style=\u00a0\u00bbslide\u00a0\u00bb animation_direction=\u00a0\u00bbbottom\u00a0\u00bb][et_pb_row _builder_version=\u00a0\u00bb4.4.1&Prime; custom_padding=\u00a0\u00bb||31px|||\u00a0\u00bb][et_pb_column type=\u00a0\u00bb4_4&Prime; _builder_version=\u00a0\u00bb4.4.1&Prime;][et_pb_text _builder_version=\u00a0\u00bb4.4.1&Prime;]<\/p>\n<h2 style=\"text-align: center;\">Plus d&rsquo;informations?<\/h2>\n<p>[\/et_pb_text][\/et_pb_column][\/et_pb_row][et_pb_row _builder_version=\u00a0\u00bb4.4.1&Prime;][et_pb_column type=\u00a0\u00bb4_4&Prime; _builder_version=\u00a0\u00bb4.4.1&Prime;][et_pb_text _builder_version=\u00a0\u00bb4.4.1&Prime; custom_padding=\u00a0\u00bb|20{04d7d8028c04121d3dff85f9202cd8731f15869ccd2bc4d40d4137211d625ca4}||20{04d7d8028c04121d3dff85f9202cd8731f15869ccd2bc4d40d4137211d625ca4}|false|true\u00a0\u00bb]<\/p>\n<p style=\"text-align: center;\">Le centre de formation professionnel de Verdun vous offre la chance d&rsquo;apprendre un nouveau m\u00e9tier, le m\u00e9tier d&rsquo;infographiste. Saisis vite ta chance et inscris toi!<\/p>\n<p>[\/et_pb_text][et_pb_button button_url=\u00a0\u00bbhttp:\/\/seventy-nine.ca\/dev\/div\/projetspagegrid\/\u00a0\u00bb button_text=\u00a0\u00bbVoir tout les projets\u00a0\u00bb button_alignment=\u00a0\u00bbcenter\u00a0\u00bb module_class=\u00a0\u00bbbtn-w\u00a0\u00bb _builder_version=\u00a0\u00bb4.4.1&Prime; hover_enabled=\u00a0\u00bb0&Prime;][\/et_pb_button][\/et_pb_column][\/et_pb_row][\/et_pb_section][et_pb_section fb_built=\u00a0\u00bb1&Prime; admin_label=\u00a0\u00bbFooter_btn_01&Prime; _builder_version=\u00a0\u00bb4.1&Prime; background_color=\u00a0\u00bb#8300e9&Prime; background_enable_image=\u00a0\u00bboff\u00a0\u00bb background_size=\u00a0\u00bbcontain\u00a0\u00bb background_position=\u00a0\u00bbbottom_center\u00a0\u00bb custom_padding=\u00a0\u00bb115px|||||\u00a0\u00bb top_divider_style=\u00a0\u00bbasymmetric\u00a0\u00bb top_divider_color=\u00a0\u00bb#fff\u00a0\u00bb top_divider_height=\u00a0\u00bb150px\u00a0\u00bb border_width_bottom=\u00a0\u00bb10px\u00a0\u00bb border_color_bottom=\u00a0\u00bb#6e00a5&Prime; global_module=\u00a0\u00bb512&Prime; saved_tabs=\u00a0\u00bball\u00a0\u00bb][et_pb_row _builder_version=\u00a0\u00bb4.1&Prime;][et_pb_column type=\u00a0\u00bb4_4&Prime; _builder_version=\u00a0\u00bb4.1&Prime;][et_pb_cta title=\u00a0\u00bbTu veux en savoir plus?\u00a0\u00bb button_text=\u00a0\u00bbClick Here\u00a0\u00bb _builder_version=\u00a0\u00bb4.4.1&Prime; background_color=\u00a0\u00bbrgba(0,0,0,0)\u00a0\u00bb custom_margin=\u00a0\u00bb0px||0px||false|false\u00a0\u00bb]<\/p>\n<p>Visite les pages de ce site et tu apprendras tout sur le programme d&rsquo;infographie du centre de formation professionnel de Verdun. N&rsquo;h\u00e9site plus, clique ci-dessous.<\/p>\n<p>[\/et_pb_cta][et_pb_button button_text=\u00a0\u00bbClique ici pour t&rsquo;inscrire d\u00e8s maintenant !\u00a0\u00bb button_alignment=\u00a0\u00bbcenter\u00a0\u00bb module_class=\u00a0\u00bbbtn-m\u00a0\u00bb _builder_version=\u00a0\u00bb4.1&Prime; custom_padding=\u00a0\u00bb|20{04d7d8028c04121d3dff85f9202cd8731f15869ccd2bc4d40d4137211d625ca4}||20{04d7d8028c04121d3dff85f9202cd8731f15869ccd2bc4d40d4137211d625ca4}|false|false\u00a0\u00bb][\/et_pb_button][\/et_pb_column][\/et_pb_row][\/et_pb_section][et_pb_section fb_built=\u00a0\u00bb1&Prime; admin_label=\u00a0\u00bbFooter\u00a0\u00bb _builder_version=\u00a0\u00bb4.1&Prime; background_color=\u00a0\u00bb#470070&Prime; custom_padding=\u00a0\u00bb||0px|||\u00a0\u00bb border_color_top=\u00a0\u00bb#000000&Prime; border_width_bottom=\u00a0\u00bb18px\u00a0\u00bb border_color_bottom=\u00a0\u00bb#000000&Prime; global_module=\u00a0\u00bb511&Prime; saved_tabs=\u00a0\u00bball\u00a0\u00bb][et_pb_row column_structure=\u00a0\u00bb1_4,3_4&Prime; use_custom_gutter=\u00a0\u00bbon\u00a0\u00bb gutter_width=\u00a0\u00bb1&Prime; make_equal=\u00a0\u00bbon\u00a0\u00bb _builder_version=\u00a0\u00bb4.1&Prime; background_color=\u00a0\u00bbrgba(0,0,0,0)\u00a0\u00bb z_index=\u00a0\u00bb2&Prime; max_width=\u00a0\u00bb100{04d7d8028c04121d3dff85f9202cd8731f15869ccd2bc4d40d4137211d625ca4}\u00a0\u00bb custom_padding=\u00a0\u00bb||40px|||\u00a0\u00bb filter_hue_rotate=\u00a0\u00bb100deg\u00a0\u00bb filter_saturate=\u00a0\u00bb56{04d7d8028c04121d3dff85f9202cd8731f15869ccd2bc4d40d4137211d625ca4}\u00a0\u00bb filter_brightness=\u00a0\u00bb81{04d7d8028c04121d3dff85f9202cd8731f15869ccd2bc4d40d4137211d625ca4}\u00a0\u00bb filter_invert=\u00a0\u00bb100{04d7d8028c04121d3dff85f9202cd8731f15869ccd2bc4d40d4137211d625ca4}\u00a0\u00bb][et_pb_column type=\u00a0\u00bb1_4&Prime; _builder_version=\u00a0\u00bb4.1&Prime;][et_pb_text admin_label=\u00a0\u00bbText\u00a0\u00bb module_class=\u00a0\u00bbbtn-footer\u00a0\u00bb _builder_version=\u00a0\u00bb4.1&Prime;]<\/p>\n<p><a href=\"\/div\/\">Accueil<\/a><br \/> <a href=\"\/div\/equipe\">\u00c9quipe<\/a><br \/> <a href=\"\/div\/projets\">Projets<\/a><br \/> <a href=\"\/div\/programme\">Programme<\/a><br \/> <a href=\"\/div\/olympiades\">Olympiades<\/a><br \/> <a href=\"\/div\/ancienseleves\">Anciens \u00e9l\u00e8ves<\/a><br \/> <a href=\"\/div\/contact\">Contact<\/a><\/p>\n<p>[\/et_pb_text][\/et_pb_column][et_pb_column type=\u00a0\u00bb3_4&Prime; _builder_version=\u00a0\u00bb4.1&Prime;][et_pb_code _builder_version=\u00a0\u00bb4.4.1&Prime;]<iframe loading=\"lazy\" src=\"https:\/\/www.google.com\/maps\/embed?pb=!1m18!1m12!1m3!1d2798.381324973148!2d-73.58098428444264!3d45.46212187910095!2m3!1f0!2f0!3f0!3m2!1i1024!2i768!4f13.1!3m3!1m2!1s0x4cc9108a4ee0571d{04d7d8028c04121d3dff85f9202cd8731f15869ccd2bc4d40d4137211d625ca4}3A0xcebe5c9f4dc316f5!2s1150{04d7d8028c04121d3dff85f9202cd8731f15869ccd2bc4d40d4137211d625ca4}20Galt{04d7d8028c04121d3dff85f9202cd8731f15869ccd2bc4d40d4137211d625ca4}20St{04d7d8028c04121d3dff85f9202cd8731f15869ccd2bc4d40d4137211d625ca4}2C{04d7d8028c04121d3dff85f9202cd8731f15869ccd2bc4d40d4137211d625ca4}20Verdun{04d7d8028c04121d3dff85f9202cd8731f15869ccd2bc4d40d4137211d625ca4}2C{04d7d8028c04121d3dff85f9202cd8731f15869ccd2bc4d40d4137211d625ca4}20QC{04d7d8028c04121d3dff85f9202cd8731f15869ccd2bc4d40d4137211d625ca4}20H4G{04d7d8028c04121d3dff85f9202cd8731f15869ccd2bc4d40d4137211d625ca4}202P9!5e0!3m2!1sen!2sca!4v1579889455604!5m2!1sen!2sca\" width=\"725px\" height=\"225\" frameborder=\"0\" style=\"border:0;\" allowfullscreen=\"\"><\/iframe>[\/et_pb_code][\/et_pb_column][\/et_pb_row][et_pb_row _builder_version=\u00a0\u00bb4.1&Prime; background_color=\u00a0\u00bb#110014&Prime; z_index=\u00a0\u00bb3&Prime; width=\u00a0\u00bb100{04d7d8028c04121d3dff85f9202cd8731f15869ccd2bc4d40d4137211d625ca4}\u00a0\u00bb max_width=\u00a0\u00bb100{04d7d8028c04121d3dff85f9202cd8731f15869ccd2bc4d40d4137211d625ca4}\u00a0\u00bb custom_padding=\u00a0\u00bb20px||0px||false|false\u00a0\u00bb][et_pb_column type=\u00a0\u00bb4_4&Prime; _builder_version=\u00a0\u00bb4.1&Prime;][et_pb_text _builder_version=\u00a0\u00bb4.1&Prime; text_text_color=\u00a0\u00bb#8300e9&Prime; text_font_size=\u00a0\u00bb12px\u00a0\u00bb]<\/p>\n<p style=\"text-align: center;\">\u00a9 Louis-Philippe Pouliot | CSMB | Centre de formation professionnel de Verdun<\/p>\n<p>[\/et_pb_text][\/et_pb_column][\/et_pb_row][\/et_pb_section]<\/p>\n","protected":false},"excerpt":{"rendered":"<p>[et_pb_section fb_built=\u00a0\u00bb1&Prime; admin_label=\u00a0\u00bbM1&Prime; _builder_version=\u00a0\u00bb4.1&Prime; background_color=\u00a0\u00bb#6e00a5&Prime; custom_padding=\u00a0\u00bb0px||0px|||\u00a0\u00bb animation_direction=\u00a0\u00bbtop\u00a0\u00bb hover_transition_duration=\u00a0\u00bb0ms\u00a0\u00bb][et_pb_row _builder_version=\u00a0\u00bb4.1&Prime; width=\u00a0\u00bb100{04d7d8028c04121d3dff85f9202cd8731f15869ccd2bc4d40d4137211d625ca4}\u00a0\u00bb max_width=\u00a0\u00bb1000px\u00a0\u00bb custom_margin=\u00a0\u00bb||||false|false\u00a0\u00bb custom_padding=\u00a0\u00bb||||false|false\u00a0\u00bb hover_transition_duration=\u00a0\u00bb0ms\u00a0\u00bb][et_pb_column type=\u00a0\u00bb4_4&Prime; _builder_version=\u00a0\u00bb4.1&Prime;][et_pb_button button_text=\u00a0\u00bbInscrivez-vous d\u00e8s maintenant !\u00a0\u00bb module_class=\u00a0\u00bbbtn-j\u00a0\u00bb _builder_version=\u00a0\u00bb4.1&Prime; custom_margin=\u00a0\u00bb|0px||0px|false|false\u00a0\u00bb custom_padding=\u00a0\u00bb|30{04d7d8028c04121d3dff85f9202cd8731f15869ccd2bc4d40d4137211d625ca4}||30{04d7d8028c04121d3dff85f9202cd8731f15869ccd2bc4d40d4137211d625ca4}|false|false\u00a0\u00bb hover_transition_duration=\u00a0\u00bb0ms\u00a0\u00bb][\/et_pb_button][\/et_pb_column][\/et_pb_row][\/et_pb_section][et_pb_section fb_built=\u00a0\u00bb1&Prime; fullwidth=\u00a0\u00bbon\u00a0\u00bb admin_label=\u00a0\u00bbM2&Prime; _builder_version=\u00a0\u00bb4.1&Prime; background_color=\u00a0\u00bbrgba(0,0,0,0)\u00a0\u00bb use_background_color_gradient=\u00a0\u00bbon\u00a0\u00bb background_color_gradient_start=\u00a0\u00bb#8300e9&Prime; background_color_gradient_end=\u00a0\u00bb#6e00a5&Prime; background_color_gradient_direction=\u00a0\u00bb0deg\u00a0\u00bb custom_padding=\u00a0\u00bb||76px||false|false\u00a0\u00bb hover_transition_duration=\u00a0\u00bb0ms\u00a0\u00bb][et_pb_fullwidth_menu menu_style=\u00a0\u00bbcentered\u00a0\u00bb fullwidth_menu=\u00a0\u00bbon\u00a0\u00bb active_link_color=\u00a0\u00bb#6e00a5&Prime; logo=\u00a0\u00bbhttp:\/\/seventy-nine.ca\/dev\/div\/wp-content\/uploads\/div.svg\u00a0\u00bb _builder_version=\u00a0\u00bb4.1&Prime; menu_text_color=\u00a0\u00bb#8300e9&Prime; menu_font_size=\u00a0\u00bb20px\u00a0\u00bb background_color=\u00a0\u00bb#efefef\u00a0\u00bb max_width=\u00a0\u00bb1000px\u00a0\u00bb module_alignment=\u00a0\u00bbcenter\u00a0\u00bb animation_direction=\u00a0\u00bbtop\u00a0\u00bb hover_transition_speed_curve=\u00a0\u00bblinear\u00a0\u00bb border_radii=\u00a0\u00bboff|||50px|50px\u00a0\u00bb][\/et_pb_fullwidth_menu][\/et_pb_section][et_pb_section fb_built=\u00a0\u00bb1&Prime; admin_label=\u00a0\u00bbHeader V\u00a0\u00bb _builder_version=\u00a0\u00bb4.1&Prime; background_color=\u00a0\u00bb#8300e9&Prime; height=\u00a0\u00bb300px\u00a0\u00bb [&hellip;]<\/p>\n","protected":false},"author":1,"featured_media":0,"parent":0,"menu_order":0,"comment_status":"closed","ping_status":"closed","template":"page-template-blank.php","meta":{"_et_pb_use_builder":"on","_et_pb_old_content":"","_et_gb_content_width":"","footnotes":""},"class_list":["post-1091","page","type-page","status-publish","hentry"],"_links":{"self":[{"href":"http:\/\/seventy-nine.ca\/dev\/div\/wp-json\/wp\/v2\/pages\/1091","targetHints":{"allow":["GET"]}}],"collection":[{"href":"http:\/\/seventy-nine.ca\/dev\/div\/wp-json\/wp\/v2\/pages"}],"about":[{"href":"http:\/\/seventy-nine.ca\/dev\/div\/wp-json\/wp\/v2\/types\/page"}],"author":[{"embeddable":true,"href":"http:\/\/seventy-nine.ca\/dev\/div\/wp-json\/wp\/v2\/users\/1"}],"replies":[{"embeddable":true,"href":"http:\/\/seventy-nine.ca\/dev\/div\/wp-json\/wp\/v2\/comments?post=1091"}],"version-history":[{"count":23,"href":"http:\/\/seventy-nine.ca\/dev\/div\/wp-json\/wp\/v2\/pages\/1091\/revisions"}],"predecessor-version":[{"id":1487,"href":"http:\/\/seventy-nine.ca\/dev\/div\/wp-json\/wp\/v2\/pages\/1091\/revisions\/1487"}],"wp:attachment":[{"href":"http:\/\/seventy-nine.ca\/dev\/div\/wp-json\/wp\/v2\/media?parent=1091"}],"curies":[{"name":"wp","href":"https:\/\/api.w.org\/{rel}","templated":true}]}}