{"id":355,"date":"2019-07-15T20:52:52","date_gmt":"2019-07-15T20:52:52","guid":{"rendered":"http:\/\/seventy-nine.ca\/dev\/cfp07\/?page_id=355"},"modified":"2019-07-30T20:59:36","modified_gmt":"2019-07-30T20:59:36","slug":"p07-calibration","status":"publish","type":"page","link":"http:\/\/seventy-nine.ca\/dev\/cfp07\/p07-calibration\/","title":{"rendered":"P07 : Calibration"},"content":{"rendered":"<p>[et_pb_section fb_built=&#8221;1&#8243; _builder_version=&#8221;3.26&#8243;][et_pb_row _builder_version=&#8221;3.26&#8243;][et_pb_column type=&#8221;4_4&#8243; _builder_version=&#8221;3.26&#8243;][et_pb_text _builder_version=&#8221;3.26&#8243;]<\/p>\n<h2>Calibration<\/h2>\n<p>[\/et_pb_text][\/et_pb_column][\/et_pb_row][et_pb_row column_structure=&#8221;2_5,3_5&#8243; _builder_version=&#8221;3.26&#8243;][et_pb_column type=&#8221;2_5&#8243; _builder_version=&#8221;3.26&#8243;][et_pb_text _builder_version=&#8221;3.26&#8243;]<\/p>\n<p>L&#8217;objectif ultime de ce cours, c&#8217;est la calibration d&#8217;un \u00e9cran. Une d\u00e9monstration vous sera faite dans les dernires cours de la comp\u00e9tence et ceux qui auront termin\u00e9s tous les projets pourront faire l&#8217;examen d\u00e8s le cours suivant.<\/p>\n<p>Pour cela, vous aurez besoin du mat\u00e9riel de calibration ainsi que de la proc\u00e9dure \u00e0 suivre. Un pdf est disponible ci dessous.<\/p>\n<p>&nbsp;<\/p>\n<p>[\/et_pb_text][\/et_pb_column][et_pb_column type=&#8221;3_5&#8243; _builder_version=&#8221;3.26&#8243;][et_pb_text _builder_version=&#8221;3.26&#8243;]<\/p>\n<h4>Les \u00c9tapes<\/h4>\n<ol>\n<li>Assister \u00e0 la d\u00e9monstration.<\/li>\n<\/ol>\n<p>[\/et_pb_text][\/et_pb_column][\/et_pb_row][et_pb_row _builder_version=&#8221;3.26&#8243;][et_pb_column type=&#8221;4_4&#8243; _builder_version=&#8221;3.26&#8243;][et_pb_button button_url=&#8221;http:\/\/seventy-nine.ca\/dev\/cfp07\/wp-content\/uploads\/iProfiler_procedurier.pdf&#8221; url_new_window=&#8221;on&#8221; button_text=&#8221;T\u00e9l\u00e9chargez la proc\u00e9dure de calibration&#8221; _builder_version=&#8221;3.26&#8243; custom_padding=&#8221;|30px||30px|false|true&#8221;][\/et_pb_button][\/et_pb_column][\/et_pb_row][\/et_pb_section]<\/p>\n","protected":false},"excerpt":{"rendered":"<p>[et_pb_section fb_built=&#8221;1&#8243; _builder_version=&#8221;3.26&#8243;][et_pb_row _builder_version=&#8221;3.26&#8243;][et_pb_column type=&#8221;4_4&#8243; _builder_version=&#8221;3.26&#8243;][et_pb_text _builder_version=&#8221;3.26&#8243;] Calibration [\/et_pb_text][\/et_pb_column][\/et_pb_row][et_pb_row column_structure=&#8221;2_5,3_5&#8243; _builder_version=&#8221;3.26&#8243;][et_pb_column type=&#8221;2_5&#8243; _builder_version=&#8221;3.26&#8243;][et_pb_text _builder_version=&#8221;3.26&#8243;] L&#8217;objectif ultime de ce cours, c&#8217;est la calibration d&#8217;un \u00e9cran. Une d\u00e9monstration vous sera faite dans les dernires cours de la comp\u00e9tence et ceux qui auront termin\u00e9s tous les projets pourront faire l&#8217;examen d\u00e8s le cours suivant. Pour cela, vous aurez [&hellip;]<\/p>\n","protected":false},"author":1,"featured_media":0,"parent":0,"menu_order":0,"comment_status":"closed","ping_status":"closed","template":"","meta":{"_et_pb_use_builder":"on","_et_pb_old_content":"","footnotes":""},"class_list":["post-355","page","type-page","status-publish","hentry"],"_links":{"self":[{"href":"http:\/\/seventy-nine.ca\/dev\/cfp07\/wp-json\/wp\/v2\/pages\/355","targetHints":{"allow":["GET"]}}],"collection":[{"href":"http:\/\/seventy-nine.ca\/dev\/cfp07\/wp-json\/wp\/v2\/pages"}],"about":[{"href":"http:\/\/seventy-nine.ca\/dev\/cfp07\/wp-json\/wp\/v2\/types\/page"}],"author":[{"embeddable":true,"href":"http:\/\/seventy-nine.ca\/dev\/cfp07\/wp-json\/wp\/v2\/users\/1"}],"replies":[{"embeddable":true,"href":"http:\/\/seventy-nine.ca\/dev\/cfp07\/wp-json\/wp\/v2\/comments?post=355"}],"version-history":[{"count":1,"href":"http:\/\/seventy-nine.ca\/dev\/cfp07\/wp-json\/wp\/v2\/pages\/355\/revisions"}],"predecessor-version":[{"id":551,"href":"http:\/\/seventy-nine.ca\/dev\/cfp07\/wp-json\/wp\/v2\/pages\/355\/revisions\/551"}],"wp:attachment":[{"href":"http:\/\/seventy-nine.ca\/dev\/cfp07\/wp-json\/wp\/v2\/media?parent=355"}],"curies":[{"name":"wp","href":"https:\/\/api.w.org\/{rel}","templated":true}]}}