{"id":334,"date":"2019-07-15T20:06:13","date_gmt":"2019-07-15T20:06:13","guid":{"rendered":"http:\/\/seventy-nine.ca\/dev\/cfp07\/?page_id=334"},"modified":"2019-07-30T21:14:07","modified_gmt":"2019-07-30T21:14:07","slug":"p04-epub","status":"publish","type":"page","link":"http:\/\/seventy-nine.ca\/dev\/cfp07\/p04-epub\/","title":{"rendered":"P04 : EPUB"},"content":{"rendered":"<p>[et_pb_section fb_built=&#8221;1&#8243; _builder_version=&#8221;3.26&#8243;][et_pb_row _builder_version=&#8221;3.26&#8243;][et_pb_column type=&#8221;4_4&#8243; _builder_version=&#8221;3.26&#8243;][et_pb_text _builder_version=&#8221;3.26&#8243;]<\/p>\n<h2>EPUB<\/h2>\n<p>[\/et_pb_text][\/et_pb_column][\/et_pb_row][et_pb_row column_structure=&#8221;2_5,3_5&#8243; _builder_version=&#8221;3.26&#8243;][et_pb_column type=&#8221;2_5&#8243; _builder_version=&#8221;3.26&#8243;][et_pb_text _builder_version=&#8221;3.26&#8243;]<\/p>\n<p>Vous savez d\u00e9j\u00e0 comment faire un epub avec InDesign, vous connaissez toutes les possibilit\u00e9s maisvous n&#8217;avez pas pu les explorer \u00e0 votre guise?\u00a0<\/p>\n<p>Et bien voici votre chance! <br \/>Faites le ePub de vos r\u00eaves!<\/p>\n<p>Concevez-le comme vous voulez, utilisez les fonctions que vous souhaitez et donnez-lui une signature visuelle conexe \u00e0 l&#8217;ensemble des projets r\u00e9alis\u00e9s jusqu&#8217;ici.<\/p>\n<p>La seule contraite est de r\u00e9pondre aux besoin du client. Mais c&#8217;est \u00e0 vous de d\u00e9cider comment vous y r\u00e9pondrez.<\/p>\n<p>Amusez-vous!<\/p>\n<p>[\/et_pb_text][\/et_pb_column][et_pb_column type=&#8221;3_5&#8243; _builder_version=&#8221;3.26&#8243;][et_pb_text _builder_version=&#8221;3.26&#8243;]<\/p>\n<h4> Les \u00c9tapes<\/h4>\n<ol>\n<li>Nettoyer le texte pour version \u00e9lectronique.<span class=\"Apple-converted-space\">\u00a0<\/span><\/li>\n<li>Se servir de la fonction R\/R pour faciliter le travail.<\/li>\n<li>Cr\u00e9er le nombre de styles n\u00e9cessaires.<\/li>\n<li>Ins\u00e9rer les images.<\/li>\n<li>Cr\u00e9er des boutons.<\/li>\n<li>Cr\u00e9er des animations.<\/li>\n<li>Tester votre version sur une liseuse et faire les ajustements.<\/li>\n<li>Remettre assemblage InDesign et epub.<\/li>\n<li>Mettre en ligne sur votre site.<\/li>\n<\/ol>\n<p>[\/et_pb_text][\/et_pb_column][\/et_pb_row][et_pb_row custom_padding=&#8221;100px|||||&#8221; _builder_version=&#8221;3.26&#8243;][et_pb_column type=&#8221;4_4&#8243; _builder_version=&#8221;3.26&#8243;][et_pb_text _builder_version=&#8221;3.26&#8243;]<\/p>\n<p><span style=\"color: #ff0000;\">Proc\u00e9dure \u00e0 cr\u00e9er<\/span><\/p>\n<p>[\/et_pb_text][et_pb_toggle title=&#8221;Proc\u00e9dure : ePub&#8221; _builder_version=&#8221;3.26&#8243;][\/et_pb_toggle][\/et_pb_column][\/et_pb_row][\/et_pb_section]<\/p>\n","protected":false},"excerpt":{"rendered":"<p>[et_pb_section fb_built=&#8221;1&#8243; _builder_version=&#8221;3.26&#8243;][et_pb_row _builder_version=&#8221;3.26&#8243;][et_pb_column type=&#8221;4_4&#8243; _builder_version=&#8221;3.26&#8243;][et_pb_text _builder_version=&#8221;3.26&#8243;] EPUB [\/et_pb_text][\/et_pb_column][\/et_pb_row][et_pb_row column_structure=&#8221;2_5,3_5&#8243; _builder_version=&#8221;3.26&#8243;][et_pb_column type=&#8221;2_5&#8243; _builder_version=&#8221;3.26&#8243;][et_pb_text _builder_version=&#8221;3.26&#8243;] Vous savez d\u00e9j\u00e0 comment faire un epub avec InDesign, vous connaissez toutes les possibilit\u00e9s maisvous n&#8217;avez pas pu les explorer \u00e0 votre guise?\u00a0 Et bien voici votre chance! Faites le ePub de vos r\u00eaves! Concevez-le comme vous voulez, utilisez les fonctions [&hellip;]<\/p>\n","protected":false},"author":1,"featured_media":0,"parent":0,"menu_order":0,"comment_status":"closed","ping_status":"closed","template":"","meta":{"_et_pb_use_builder":"on","_et_pb_old_content":"","footnotes":""},"class_list":["post-334","page","type-page","status-publish","hentry"],"_links":{"self":[{"href":"http:\/\/seventy-nine.ca\/dev\/cfp07\/wp-json\/wp\/v2\/pages\/334","targetHints":{"allow":["GET"]}}],"collection":[{"href":"http:\/\/seventy-nine.ca\/dev\/cfp07\/wp-json\/wp\/v2\/pages"}],"about":[{"href":"http:\/\/seventy-nine.ca\/dev\/cfp07\/wp-json\/wp\/v2\/types\/page"}],"author":[{"embeddable":true,"href":"http:\/\/seventy-nine.ca\/dev\/cfp07\/wp-json\/wp\/v2\/users\/1"}],"replies":[{"embeddable":true,"href":"http:\/\/seventy-nine.ca\/dev\/cfp07\/wp-json\/wp\/v2\/comments?post=334"}],"version-history":[{"count":2,"href":"http:\/\/seventy-nine.ca\/dev\/cfp07\/wp-json\/wp\/v2\/pages\/334\/revisions"}],"predecessor-version":[{"id":560,"href":"http:\/\/seventy-nine.ca\/dev\/cfp07\/wp-json\/wp\/v2\/pages\/334\/revisions\/560"}],"wp:attachment":[{"href":"http:\/\/seventy-nine.ca\/dev\/cfp07\/wp-json\/wp\/v2\/media?parent=334"}],"curies":[{"name":"wp","href":"https:\/\/api.w.org\/{rel}","templated":true}]}}