{"id":289,"date":"2019-07-14T20:29:00","date_gmt":"2019-07-14T20:29:00","guid":{"rendered":"http:\/\/seventy-nine.ca\/dev\/cfp07\/?page_id=289"},"modified":"2019-07-30T20:48:08","modified_gmt":"2019-07-30T20:48:08","slug":"p02-eblast","status":"publish","type":"page","link":"http:\/\/seventy-nine.ca\/dev\/cfp07\/p02-eblast\/","title":{"rendered":"P02 : eBlast"},"content":{"rendered":"<p>[et_pb_section fb_built=&#8221;1&#8243; _builder_version=&#8221;3.26&#8243;][et_pb_row _builder_version=&#8221;3.26&#8243;][et_pb_column type=&#8221;4_4&#8243; _builder_version=&#8221;3.26&#8243;][et_pb_text _builder_version=&#8221;3.26&#8243;]<\/p>\n<h2>eBlast : Mailchimp<\/h2>\n<p>[\/et_pb_text][\/et_pb_column][\/et_pb_row][et_pb_row column_structure=&#8221;2_5,3_5&#8243; _builder_version=&#8221;3.26&#8243;][et_pb_column type=&#8221;2_5&#8243; _builder_version=&#8221;3.26&#8243;][et_pb_text _builder_version=&#8221;3.26&#8243;]<\/p>\n<p>L&#8217;objectif est d&#8217;apprendre \u00e0 faire des envois de courriel massif \u00e0 l&#8217;aide de l&#8217;application en ligne Mailchimp.<\/p>\n<p>Vous devrez concevoir et envoyer un courriel selon un th\u00e8me pr\u00e9d\u00e9finis. Il vous sera fournis du texte et des images que vous utiliserez \u00e0 votre guise.<\/p>\n<p>N&#8217;oubliez pas de suivre l&#8217;unit\u00e9 visuelle impos\u00e9 par votre site web et d&#8217;utiliser votre harmonie de couleurs.<\/p>\n<p>[\/et_pb_text][\/et_pb_column][et_pb_column type=&#8221;3_5&#8243; _builder_version=&#8221;3.26&#8243;][et_pb_text _builder_version=&#8221;3.26&#8243;]<\/p>\n<h4> Les \u00c9tapes<\/h4>\n<ol>\n<li>S&#8217;inscrire et configurer un compte MailChimp <strong>de la maison<\/strong>. <em>Car si tlm s&#8217;inscrit de m\u00eame adresse IP, Mailchimp nous consid\u00e8rera comme une attaque de hackers et bloquera nos acc\u00e8s pour 7 jours.<\/em><\/li>\n<li>Cr\u00e9er l\u2019infolettre \u00e0 partir du mat\u00e9riel fourni.<\/li>\n<li>Ajouter des photos et refaire le visuel du graphique.<\/li>\n<li>Envoyer un test \u00e0 l\u2019enseignant.<\/li>\n<\/ol>\n<p>[\/et_pb_text][\/et_pb_column][\/et_pb_row][et_pb_row _builder_version=&#8221;3.26&#8243; custom_padding=&#8221;100px|||||&#8221;][et_pb_column _builder_version=&#8221;3.26&#8243; type=&#8221;4_4&#8243;][et_pb_toggle title=&#8221;Proc\u00e9dure : Mailchimp&#8221; _builder_version=&#8221;3.26&#8243;]<\/p>\n<p><img loading=\"lazy\" decoding=\"async\" src=\"http:\/\/seventy-nine.ca\/dev\/cfp07\/wp-content\/uploads\/P02_T_mailchip-_Page_1.jpg\" width=\"987\" height=\"1276\" alt=\"\" class=\"wp-image-310 aligncenter size-full\" srcset=\"http:\/\/seventy-nine.ca\/dev\/cfp07\/wp-content\/uploads\/P02_T_mailchip-_Page_1.jpg 987w, http:\/\/seventy-nine.ca\/dev\/cfp07\/wp-content\/uploads\/P02_T_mailchip-_Page_1-232x300.jpg 232w, http:\/\/seventy-nine.ca\/dev\/cfp07\/wp-content\/uploads\/P02_T_mailchip-_Page_1-768x993.jpg 768w, http:\/\/seventy-nine.ca\/dev\/cfp07\/wp-content\/uploads\/P02_T_mailchip-_Page_1-792x1024.jpg 792w, http:\/\/seventy-nine.ca\/dev\/cfp07\/wp-content\/uploads\/P02_T_mailchip-_Page_1-400x516.jpg 400w\" sizes=\"auto, (max-width: 987px) 100vw, 987px\" \/><\/p>\n<p><img loading=\"lazy\" decoding=\"async\" src=\"http:\/\/seventy-nine.ca\/dev\/cfp07\/wp-content\/uploads\/P02_T_mailchip-_Page_2.jpg\" width=\"1751\" height=\"2266\" alt=\"\" class=\"wp-image-311 aligncenter size-full\" srcset=\"http:\/\/seventy-nine.ca\/dev\/cfp07\/wp-content\/uploads\/P02_T_mailchip-_Page_2.jpg 1751w, http:\/\/seventy-nine.ca\/dev\/cfp07\/wp-content\/uploads\/P02_T_mailchip-_Page_2-232x300.jpg 232w, http:\/\/seventy-nine.ca\/dev\/cfp07\/wp-content\/uploads\/P02_T_mailchip-_Page_2-768x994.jpg 768w, http:\/\/seventy-nine.ca\/dev\/cfp07\/wp-content\/uploads\/P02_T_mailchip-_Page_2-791x1024.jpg 791w, http:\/\/seventy-nine.ca\/dev\/cfp07\/wp-content\/uploads\/P02_T_mailchip-_Page_2-1080x1398.jpg 1080w\" sizes=\"auto, (max-width: 1751px) 100vw, 1751px\" \/><\/p>\n<p><img loading=\"lazy\" decoding=\"async\" src=\"http:\/\/seventy-nine.ca\/dev\/cfp07\/wp-content\/uploads\/P02_T_mailchip-_Page_3.jpg\" width=\"1437\" height=\"1860\" alt=\"\" class=\"wp-image-312 aligncenter size-full\" srcset=\"http:\/\/seventy-nine.ca\/dev\/cfp07\/wp-content\/uploads\/P02_T_mailchip-_Page_3.jpg 1437w, http:\/\/seventy-nine.ca\/dev\/cfp07\/wp-content\/uploads\/P02_T_mailchip-_Page_3-232x300.jpg 232w, http:\/\/seventy-nine.ca\/dev\/cfp07\/wp-content\/uploads\/P02_T_mailchip-_Page_3-768x994.jpg 768w, http:\/\/seventy-nine.ca\/dev\/cfp07\/wp-content\/uploads\/P02_T_mailchip-_Page_3-791x1024.jpg 791w, http:\/\/seventy-nine.ca\/dev\/cfp07\/wp-content\/uploads\/P02_T_mailchip-_Page_3-1080x1398.jpg 1080w\" sizes=\"auto, (max-width: 1437px) 100vw, 1437px\" \/><\/p>\n<p><img loading=\"lazy\" decoding=\"async\" src=\"http:\/\/seventy-nine.ca\/dev\/cfp07\/wp-content\/uploads\/P02_T_mailchip-_Page_4.jpg\" width=\"1445\" height=\"1870\" alt=\"\" class=\"wp-image-313 aligncenter size-full\" srcset=\"http:\/\/seventy-nine.ca\/dev\/cfp07\/wp-content\/uploads\/P02_T_mailchip-_Page_4.jpg 1445w, http:\/\/seventy-nine.ca\/dev\/cfp07\/wp-content\/uploads\/P02_T_mailchip-_Page_4-232x300.jpg 232w, http:\/\/seventy-nine.ca\/dev\/cfp07\/wp-content\/uploads\/P02_T_mailchip-_Page_4-768x994.jpg 768w, http:\/\/seventy-nine.ca\/dev\/cfp07\/wp-content\/uploads\/P02_T_mailchip-_Page_4-791x1024.jpg 791w, http:\/\/seventy-nine.ca\/dev\/cfp07\/wp-content\/uploads\/P02_T_mailchip-_Page_4-1080x1398.jpg 1080w\" sizes=\"auto, (max-width: 1445px) 100vw, 1445px\" \/><\/p>\n<p><img loading=\"lazy\" decoding=\"async\" src=\"http:\/\/seventy-nine.ca\/dev\/cfp07\/wp-content\/uploads\/P02_T_mailchip-_Page_5.jpg\" width=\"2176\" height=\"2816\" alt=\"\" class=\"wp-image-314 aligncenter size-full\" srcset=\"http:\/\/seventy-nine.ca\/dev\/cfp07\/wp-content\/uploads\/P02_T_mailchip-_Page_5.jpg 2176w, http:\/\/seventy-nine.ca\/dev\/cfp07\/wp-content\/uploads\/P02_T_mailchip-_Page_5-232x300.jpg 232w, http:\/\/seventy-nine.ca\/dev\/cfp07\/wp-content\/uploads\/P02_T_mailchip-_Page_5-768x994.jpg 768w, http:\/\/seventy-nine.ca\/dev\/cfp07\/wp-content\/uploads\/P02_T_mailchip-_Page_5-791x1024.jpg 791w, http:\/\/seventy-nine.ca\/dev\/cfp07\/wp-content\/uploads\/P02_T_mailchip-_Page_5-1080x1398.jpg 1080w\" sizes=\"auto, (max-width: 2176px) 100vw, 2176px\" \/><\/p>\n<p><img loading=\"lazy\" decoding=\"async\" src=\"http:\/\/seventy-nine.ca\/dev\/cfp07\/wp-content\/uploads\/P02_T_mailchip-_Page_6.jpg\" width=\"2176\" height=\"2816\" alt=\"\" class=\"wp-image-315 aligncenter size-full\" srcset=\"http:\/\/seventy-nine.ca\/dev\/cfp07\/wp-content\/uploads\/P02_T_mailchip-_Page_6.jpg 2176w, http:\/\/seventy-nine.ca\/dev\/cfp07\/wp-content\/uploads\/P02_T_mailchip-_Page_6-232x300.jpg 232w, http:\/\/seventy-nine.ca\/dev\/cfp07\/wp-content\/uploads\/P02_T_mailchip-_Page_6-768x994.jpg 768w, http:\/\/seventy-nine.ca\/dev\/cfp07\/wp-content\/uploads\/P02_T_mailchip-_Page_6-791x1024.jpg 791w, http:\/\/seventy-nine.ca\/dev\/cfp07\/wp-content\/uploads\/P02_T_mailchip-_Page_6-1080x1398.jpg 1080w\" sizes=\"auto, (max-width: 2176px) 100vw, 2176px\" \/><\/p>\n<p><img loading=\"lazy\" decoding=\"async\" src=\"http:\/\/seventy-nine.ca\/dev\/cfp07\/wp-content\/uploads\/P02_T_mailchip-_Page_7.jpg\" width=\"2176\" height=\"2816\" alt=\"\" class=\"wp-image-316 aligncenter size-full\" srcset=\"http:\/\/seventy-nine.ca\/dev\/cfp07\/wp-content\/uploads\/P02_T_mailchip-_Page_7.jpg 2176w, http:\/\/seventy-nine.ca\/dev\/cfp07\/wp-content\/uploads\/P02_T_mailchip-_Page_7-232x300.jpg 232w, http:\/\/seventy-nine.ca\/dev\/cfp07\/wp-content\/uploads\/P02_T_mailchip-_Page_7-768x994.jpg 768w, http:\/\/seventy-nine.ca\/dev\/cfp07\/wp-content\/uploads\/P02_T_mailchip-_Page_7-791x1024.jpg 791w, http:\/\/seventy-nine.ca\/dev\/cfp07\/wp-content\/uploads\/P02_T_mailchip-_Page_7-1080x1398.jpg 1080w\" sizes=\"auto, (max-width: 2176px) 100vw, 2176px\" \/><\/p>\n<p><img loading=\"lazy\" decoding=\"async\" src=\"http:\/\/seventy-nine.ca\/dev\/cfp07\/wp-content\/uploads\/P02_T_mailchip-_Page_8.jpg\" width=\"1148\" height=\"1485\" alt=\"\" class=\"wp-image-317 aligncenter size-full\" srcset=\"http:\/\/seventy-nine.ca\/dev\/cfp07\/wp-content\/uploads\/P02_T_mailchip-_Page_8.jpg 1148w, http:\/\/seventy-nine.ca\/dev\/cfp07\/wp-content\/uploads\/P02_T_mailchip-_Page_8-232x300.jpg 232w, http:\/\/seventy-nine.ca\/dev\/cfp07\/wp-content\/uploads\/P02_T_mailchip-_Page_8-768x993.jpg 768w, http:\/\/seventy-nine.ca\/dev\/cfp07\/wp-content\/uploads\/P02_T_mailchip-_Page_8-792x1024.jpg 792w, http:\/\/seventy-nine.ca\/dev\/cfp07\/wp-content\/uploads\/P02_T_mailchip-_Page_8-1080x1397.jpg 1080w, http:\/\/seventy-nine.ca\/dev\/cfp07\/wp-content\/uploads\/P02_T_mailchip-_Page_8-400x516.jpg 400w\" sizes=\"auto, (max-width: 1148px) 100vw, 1148px\" \/><\/p>\n<p><img loading=\"lazy\" decoding=\"async\" src=\"http:\/\/seventy-nine.ca\/dev\/cfp07\/wp-content\/uploads\/P02_T_mailchip-_Page_9.jpg\" width=\"927\" height=\"1199\" alt=\"\" class=\"wp-image-318 aligncenter size-full\" srcset=\"http:\/\/seventy-nine.ca\/dev\/cfp07\/wp-content\/uploads\/P02_T_mailchip-_Page_9.jpg 927w, http:\/\/seventy-nine.ca\/dev\/cfp07\/wp-content\/uploads\/P02_T_mailchip-_Page_9-232x300.jpg 232w, http:\/\/seventy-nine.ca\/dev\/cfp07\/wp-content\/uploads\/P02_T_mailchip-_Page_9-768x993.jpg 768w, http:\/\/seventy-nine.ca\/dev\/cfp07\/wp-content\/uploads\/P02_T_mailchip-_Page_9-792x1024.jpg 792w, http:\/\/seventy-nine.ca\/dev\/cfp07\/wp-content\/uploads\/P02_T_mailchip-_Page_9-400x516.jpg 400w\" sizes=\"auto, (max-width: 927px) 100vw, 927px\" \/><\/p>\n<p>[\/et_pb_toggle][\/et_pb_column][\/et_pb_row][\/et_pb_section]<\/p>\n","protected":false},"excerpt":{"rendered":"<p>[et_pb_section fb_built=&#8221;1&#8243; _builder_version=&#8221;3.26&#8243;][et_pb_row _builder_version=&#8221;3.26&#8243;][et_pb_column type=&#8221;4_4&#8243; _builder_version=&#8221;3.26&#8243;][et_pb_text _builder_version=&#8221;3.26&#8243;] eBlast : Mailchimp [\/et_pb_text][\/et_pb_column][\/et_pb_row][et_pb_row column_structure=&#8221;2_5,3_5&#8243; _builder_version=&#8221;3.26&#8243;][et_pb_column type=&#8221;2_5&#8243; _builder_version=&#8221;3.26&#8243;][et_pb_text _builder_version=&#8221;3.26&#8243;] L&#8217;objectif est d&#8217;apprendre \u00e0 faire des envois de courriel massif \u00e0 l&#8217;aide de l&#8217;application en ligne Mailchimp. Vous devrez concevoir et envoyer un courriel selon un th\u00e8me pr\u00e9d\u00e9finis. Il vous sera fournis du texte et des images que vous [&hellip;]<\/p>\n","protected":false},"author":1,"featured_media":0,"parent":0,"menu_order":0,"comment_status":"closed","ping_status":"closed","template":"","meta":{"_et_pb_use_builder":"on","_et_pb_old_content":"","footnotes":""},"class_list":["post-289","page","type-page","status-publish","hentry"],"_links":{"self":[{"href":"http:\/\/seventy-nine.ca\/dev\/cfp07\/wp-json\/wp\/v2\/pages\/289","targetHints":{"allow":["GET"]}}],"collection":[{"href":"http:\/\/seventy-nine.ca\/dev\/cfp07\/wp-json\/wp\/v2\/pages"}],"about":[{"href":"http:\/\/seventy-nine.ca\/dev\/cfp07\/wp-json\/wp\/v2\/types\/page"}],"author":[{"embeddable":true,"href":"http:\/\/seventy-nine.ca\/dev\/cfp07\/wp-json\/wp\/v2\/users\/1"}],"replies":[{"embeddable":true,"href":"http:\/\/seventy-nine.ca\/dev\/cfp07\/wp-json\/wp\/v2\/comments?post=289"}],"version-history":[{"count":2,"href":"http:\/\/seventy-nine.ca\/dev\/cfp07\/wp-json\/wp\/v2\/pages\/289\/revisions"}],"predecessor-version":[{"id":545,"href":"http:\/\/seventy-nine.ca\/dev\/cfp07\/wp-json\/wp\/v2\/pages\/289\/revisions\/545"}],"wp:attachment":[{"href":"http:\/\/seventy-nine.ca\/dev\/cfp07\/wp-json\/wp\/v2\/media?parent=289"}],"curies":[{"name":"wp","href":"https:\/\/api.w.org\/{rel}","templated":true}]}}